4 a multiple of 58?
True
Is 26348893 a multiple of 311?
False
Is 172350100 a multiple of 4660?
True
Is 21 a factor of 553831866?
True
Does 1901 divide 304794873?
False
Does 703 divide 3913136317?
True
Does 254 divide 57582093?
False
Is 15 a factor of 5797041?
False
Is 111 a factor of 109222113?
True
Is 19 a factor of 160501822?
False
Is 338779903 a multiple of 3678?
False
Does 202 divide 20100414?
True
Is 85730 a multiple of 2?
True
Is 69553603 a multiple of 35?
False
Is 307192579 a multiple of 367?
True
Is 150 a factor of 19899450?
True
Does 237 divide 421659038?
False
Does 45 divide 1172690996?
False
Does 6 divide 2057638?
False
Is 124 a factor of 787183496?
True
Is 108277876 a multiple of 14?
True
Does 17 divide 31139784?
True
Does 40 divide 12402280?
True
Does 891 divide 10528054?
False
Does 73 divide 9483310?
False
Does 3514 divide 70533298?
False
Does 17 divide 89620409?
False
Does 13 divide 27606605?
True
Is 1948054936 a multiple of 5107?
True
Is 8866 a factor of 1821422174?
True
Does 23 divide 1912283871?
True
Is 56 a factor of 41014067?
False
Does 493 divide 374892822?
False
Is 380786890 a multiple of 110?
True
Is 122144235 a multiple of 255?
True
Is 2 a factor of 4054373?
False
Is 68 a factor of 25014616?
True
Is 9 a factor of 22238259?
False
Is 135 a factor of 79677106?
False
Is 5784664454 a multiple of 526?
False
Does 86 divide 1613320251?
False
Is 13 a factor of 2229140614?
False
Is 21387324 a multiple of 42?
True
Does 351 divide 13743298?
False
Does 849 divide 2841306728?
False
Is 1539 a factor of 126017937?
True
Is 1313762442 a multiple of 9?
False
Is 245740719 a multiple of 1262?
False
Is 438 a factor of 19899216?
True
Does 332 divide 238103798?
False
Is 103765464 a multiple of 2442?
True
Is 301 a factor of 26267668?
True
Is 166085592 a multiple of 691?
False
Is 77640500 a multiple of 250?
True
Does 15 divide 2348521671?
False
Is 767500236 a multiple of 18?
True
Is 11 a factor of 345474294?
True
Is 511696035 a multiple of 8885?
True
Is 6 a factor of 4522030?
False
Is 58844652 a multiple of 3?
True
Is 34 a factor of 8010049?
False
Does 129 divide 531810342?
False
Is 4884889620 a multiple of 13?
True
Is 2201 a factor of 734156756?
True
Is 12152585 a multiple of 685?
True
Is 20 a factor of 25936709?
False
Does 4 divide 11923277?
False
Is 53 a factor of 115992757?
False
Is 289108838 a multiple of 566?
True
Is 71 a factor of 596804181?
False
Does 1059 divide 16235575?
False
Is 12200288 a multiple of 656?
True
Does 9 divide 56310877?
False
Does 611 divide 2207677087?
False
Does 22 divide 2128774232?
False
Is 67 a factor of 68752508?
False
Is 235 a factor of 661599?
False
Is 2835971367 a multiple of 22?
False
Is 145438385 a multiple of 826?
False
Is 1090055892 a multiple of 166?
False
Is 13 a factor of 53578110?
False
Does 9 divide 31785318?
True
Is 50 a factor of 12915987?
False
Is 424 a factor of 351595640?
True
Is 594165780 a multiple of 260?
True
Does 2875 divide 1633201250?
True
Is 143 a factor of 33606246?
False
Does 104 divide 49211931?
False
Is 2496 a factor of 323112740?
False
Is 33360144 a multiple of 233?
False
Is 12499648 a multiple of 32?
True
Is 620627 a multiple of 231?
False
Does 25 divide 416300?
True
Is 20 a factor of 24415120?
True
Is 196 a factor of 10788113?
False
Does 3872 divide 49457187?
False
Is 22826936 a multiple of 1616?
False
Is 75 a factor of 6001500?
True
Does 1811 divide 3736964091?
True
Is 1865 a factor of 48246369?
False
Does 43 divide 6720111?
False
Does 753 divide 605690138?
False
Does 219 divide 12209688?
True
Does 64 divide 26901312?
True
Is 22 a factor of 1631880360?
True
Is 1031487 a multiple of 1195?
False
Does 348 divide 494007454?
False
Does 8 divide 323944447?
False
Is 2527756057 a multiple of 65?
False
Does 1428 divide 35827092?
True
Is 26 a factor of 1266820776?
True
Is 8234 a factor of 2878842007?
False
Does 210 divide 91039200?
True
Does 32 divide 32152000?
True
Is 997 a factor of 45193914?
False
Is 574014912 a multiple of 4128?
True
Is 76 a factor of 62840448?
True
Does 9 divide 205520643?
True
Does 16 divide 20996263?
False
Is 47 a factor of 195818886?
False
Does 11 divide 97164122?
True
Is 462548897 a multiple of 1297?
False
Is 10 a factor of 45738860?
True
Does 697 divide 68141508?
True
Is 1327 a factor of 4074514?
False
Does 8 divide 8202779?
False
Is 406 a factor of 736419040?
True
Is 4 a factor of 37810807?
False
Does 5 divide 68847465?
True
Does 1132 divide 37226952?
True
Does 193 divide 401324586?
True
Is 166 a factor of 21222436?
True
Does 11 divide 32020519?
False
Does 3 divide 15905146?
False
Does 171 divide 155369690?
False
Is 2 a factor of 10928735?
False
Is 5 a factor of 174507365?
True
Does 353 divide 11925568?
False
Is 85563192 a multiple of 856?
True
Does 6 divide 102831636?
True
Is 553781448 a multiple of 836?
True
Does 22 divide 325817590?
False
Is 919038729 a multiple of 749?
True
Is 118 a factor of 11173373?
False
Is 1063219152 a multiple of 248?
True
Does 20 divide 907612780?
True
Does 223 divide 400371078?
True
Is 203 a factor of 5911032?
False
Is 134 a factor of 558706584?
False
Is 24116715 a multiple of 35?
True
Is 1108 a factor of 515450259?
False
Is 8933544 a multiple of 18?
True
Is 296 a factor of 11702064?
True
Does 18 divide 1006909507?
False
Is 284 a factor of 10403396?
False
Does 287 divide 5985959?
True
Does 114 divide 473880786?
True
Is 10 a factor of 35689715?
False
Is 49441176 a multiple of 134?
True
Does 177 divide 19136647?
False
Is 1916 a factor of 6068332208?
True
Is 60 a factor of 33181380?
True
Does 2339 divide 57055227?
True
Does 55 divide 787325?
True
Is 119 a factor of 1658440214?
False
Does 198 divide 13719149?
False
Does 7 divide 79977192?
False
Is 20212621 a multiple of 13?
True
Does 9 divide 72284445?
True
Is 148 a factor of 108825584?
True
Does 2821 divide 513704100?
True
Is 250 a factor of 414158320?
False
Does 11 divide 367336871?
True
Is 20 a factor of 829419799?
False
Is 62773567 a multiple of 22?
False
Is 1322283080 a multiple of 890?
False
Is 1096 a factor of 2256414112?
True
Does 15 divide 11100180?
True
Is 159 a factor of 544678191?
True
Is 509 a factor of 767267258?
False
Is 130 a factor of 9288576?
False
Does 1030 divide 1857215660?
True
Is 141390 a multiple of 6?
True
Does 2088 divide 871066082?
False
Is 2845147863 a multiple of 391?
True
Is 172781880 a multiple of 17?
True
Does 140 divide 55907320?
True
Does 4 divide 25029299?
False
Is 171953529 a multiple of 61?
False
Does 394 divide 569612498?
True
Is 112 a factor of 88506648?
False
Does 355 divide 264614160?
True
Does 7 divide 15266570?
False
Is 3 a factor of 39116526?
True
Is 25 a factor of 3171538975?
True
Does 3 divide 4211148?
True
Does 5 divide 785566495?
True
Is 222 a factor of 2136893?
False
Is 522896586 a multiple of 118?
True
Is 59 a factor of 3547611?
True
Is 302210584 a multiple of 404?
True
Is 25 a factor of 18793325?
True
Does 3266 divide 3959290214?
False
Is 37978322 a multiple of 15?
False
Is 73 a factor of 120286042?
True
Is 5420 a factor of 724957702?
False
Is 35073346 a multiple of 19?
False
Is 23 a factor of 33664042?
True
Is 3330689 a multiple of 118?
False
Does 53 divide 4427135?
False
Is 709 a factor of 19922169?
False
Is 629 a factor of 127129077?
True
Does 2 divide 466050756?
True
Is 5315753 a multiple of 25?
False
Is 1610 a factor of 123705623?
False
Does 214 divide 418237065?
False
Is 138 a factor of 414145587?
False
Does 2887 divide 237106380?
False
Is 1881556841 a multiple of 27?
False
Does 36 divide 557507664?
True
Is 540407736 a multiple of 24?
True
Is 17 a factor of 74800095?
False
Is 1573707256 a multiple of 268?
True
Does 131 divide 45254605?
True
Is 90 a factor of 794340540?
True
Does 2945 divide 190483418?
False
Does 380 divide 10750302?
False
Is 834902756 a multiple of 103?
True
Is 10171422 a multiple of 45?
False
Is 188546329 a multiple of 33?
False
Is 58 a factor of 1922837866?
True
Is 29317947 a multiple of 27?
False
Is 181 a factor of 846343927?
False
Does 45 divide 60548085?
True
Does 34 divide 28098960?
True
Is 419529794 a multiple of 1882?
True
Is 137965914 a multiple of 2346?
True
Is 46863187 a multiple of 191?
True
Does 183 divide 78720195?
True
Is 4559 a factor of 3773953877?
True
Does 40 divide 2627840?
True
Is 690425149 